{"id":475,"date":"2014-02-24T01:01:04","date_gmt":"2014-02-24T04:01:04","guid":{"rendered":"http:\/\/hibrida.eca.usp.br\/?page_id=475"},"modified":"2014-06-08T15:41:59","modified_gmt":"2014-06-08T18:41:59","slug":"projetos-selecionados","status":"publish","type":"page","link":"https:\/\/hibrida.eca.usp.br\/index.php\/projetos-selecionados\/","title":{"rendered":"Projetos"},"content":{"rendered":"<p>Conhe\u00e7a um pouco mais sobre os projetos desenvolvidos no H\u00edbridaLab.<br \/>\nA documenta\u00e7\u00e3o detalhada dos projetos est\u00e1 dispon\u00edvel nos blogs e nas <a href=\"https:\/\/garoa.net.br\/wiki\/Hibrida\" target=\"_blank\">Wikis<\/a><\/p>\n<div id=\"attachment_977\" style=\"width: 310px\" class=\"wp-caption alignleft\"><a href=\"http:\/\/hibrida.eca.usp.br\/index.php\/projetos-selecionados\/cinto-de-castidade\/\"><img aria-describedby=\"caption-attachment-977\" decoding=\"async\" loading=\"lazy\" src=\"http:\/\/hibrida.eca.usp.br\/wp-content\/uploads\/2014\/02\/Screen-shot-2014-06-06-at-2.10.18-PM-300x197.png\" class=\"grouped_elements\" rel=\"tc-fancybox-group475\" alt=\"Cinto de Castidade\" width=\"300\" height=\"197\" class=\"size-medium wp-image-977\" srcset=\"https:\/\/hibrida.eca.usp.br\/wp-content\/uploads\/2014\/02\/Screen-shot-2014-06-06-at-2.10.18-PM-300x197.png 300w, https:\/\/hibrida.eca.usp.br\/wp-content\/uploads\/2014\/02\/Screen-shot-2014-06-06-at-2.10.18-PM.png 359w\" sizes=\"(max-width: 300px) 100vw, 300px\" \/><\/a><p id=\"caption-attachment-977\" class=\"wp-caption-text\">Cinto de Castidade<\/p><\/div>\n<div id=\"attachment_501\" style=\"width: 310px\" class=\"wp-caption alignleft\"><a href=\"http:\/\/hibrida.eca.usp.br\/index.php\/projetos-selecionados\/cybaby\/\"><img aria-describedby=\"caption-attachment-501\" decoding=\"async\" loading=\"lazy\" src=\"http:\/\/hibrida.eca.usp.br\/wp-content\/uploads\/2014\/02\/Screen-shot-2014-02-24-at-01.30.24-300x207.png\" class=\"grouped_elements\" rel=\"tc-fancybox-group475\" alt=\"CyBaby\" width=\"300\" height=\"207\" class=\"size-medium wp-image-501\" srcset=\"https:\/\/hibrida.eca.usp.br\/wp-content\/uploads\/2014\/02\/Screen-shot-2014-02-24-at-01.30.24-300x207.png 300w, https:\/\/hibrida.eca.usp.br\/wp-content\/uploads\/2014\/02\/Screen-shot-2014-02-24-at-01.30.24.png 773w\" sizes=\"(max-width: 300px) 100vw, 300px\" \/><\/a><p id=\"caption-attachment-501\" class=\"wp-caption-text\">CyBaby<\/p><\/div>\n<div id=\"attachment_949\" style=\"width: 310px\" class=\"wp-caption alignleft\"><a href=\"http:\/\/hibrida.eca.usp.br\/index.php\/projetos-selecionados\/maquina-de-suspensao\/\"><img aria-describedby=\"caption-attachment-949\" decoding=\"async\" loading=\"lazy\" src=\"http:\/\/hibrida.eca.usp.br\/wp-content\/uploads\/2014\/02\/Screen-shot-2014-06-03-at-8.42.47-PM-300x209.png\" class=\"grouped_elements\" rel=\"tc-fancybox-group475\" alt=\"M\u00e1quina de Suspens\u00e3o\" width=\"300\" height=\"209\" class=\"size-medium wp-image-949\" srcset=\"https:\/\/hibrida.eca.usp.br\/wp-content\/uploads\/2014\/02\/Screen-shot-2014-06-03-at-8.42.47-PM-300x209.png 300w, https:\/\/hibrida.eca.usp.br\/wp-content\/uploads\/2014\/02\/Screen-shot-2014-06-03-at-8.42.47-PM.png 793w\" sizes=\"(max-width: 300px) 100vw, 300px\" \/><\/a><p id=\"caption-attachment-949\" class=\"wp-caption-text\">M\u00e1quina de Suspens\u00e3o<\/p><\/div>\n<div id=\"attachment_504\" style=\"width: 310px\" class=\"wp-caption alignleft\"><a href=\"http:\/\/hibrida.eca.usp.br\/index.php\/projetos-selecionados\/no-lights-yes-move\/\"><img aria-describedby=\"caption-attachment-504\" decoding=\"async\" loading=\"lazy\" src=\"http:\/\/hibrida.eca.usp.br\/wp-content\/uploads\/2014\/02\/Screen-shot-2014-02-24-at-01.32.05-300x230.png\" class=\"grouped_elements\" rel=\"tc-fancybox-group475\" alt=\"No Lights yes Move\" width=\"300\" height=\"230\" class=\"size-medium wp-image-504\" srcset=\"https:\/\/hibrida.eca.usp.br\/wp-content\/uploads\/2014\/02\/Screen-shot-2014-02-24-at-01.32.05-300x230.png 300w, https:\/\/hibrida.eca.usp.br\/wp-content\/uploads\/2014\/02\/Screen-shot-2014-02-24-at-01.32.05.png 737w\" sizes=\"(max-width: 300px) 100vw, 300px\" \/><\/a><p id=\"caption-attachment-504\" class=\"wp-caption-text\">No Lights yes Move<\/p><\/div>\n<div id=\"attachment_1000\" style=\"width: 310px\" class=\"wp-caption alignleft\"><a href=\"http:\/\/hibrida.eca.usp.br\/index.php\/projetos-selecionados\/simulador-de-sinestesia\/\"><img aria-describedby=\"caption-attachment-1000\" decoding=\"async\" loading=\"lazy\" src=\"http:\/\/hibrida.eca.usp.br\/wp-content\/uploads\/2014\/02\/fototratada3-300x168.jpg\" class=\"grouped_elements\" rel=\"tc-fancybox-group475\" alt=\"Syn2 Simulador Sinestesia\" width=\"300\" height=\"168\" class=\"size-medium wp-image-1000\" srcset=\"https:\/\/hibrida.eca.usp.br\/wp-content\/uploads\/2014\/02\/fototratada3-300x168.jpg 300w, https:\/\/hibrida.eca.usp.br\/wp-content\/uploads\/2014\/02\/fototratada3-1024x576.jpg 1024w, https:\/\/hibrida.eca.usp.br\/wp-content\/uploads\/2014\/02\/fototratada3.jpg 1920w\" sizes=\"(max-width: 300px) 100vw, 300px\" \/><\/a><p id=\"caption-attachment-1000\" class=\"wp-caption-text\">Syn2 Simulador Sinestesia<\/p><\/div>\n<div id=\"attachment_1006\" style=\"width: 310px\" class=\"wp-caption alignleft\"><a href=\"http:\/\/hibrida.eca.usp.br\/index.php\/projetos-selecionados\/laboratorio-de-interfaces-biometricas-de-modelado-3d\"><img aria-describedby=\"caption-attachment-1006\" decoding=\"async\" loading=\"lazy\" src=\"http:\/\/hibrida.eca.usp.br\/wp-content\/uploads\/2014\/02\/09-20-2012form-1-on-desk00-1348689824-300x200.jpeg\" class=\"grouped_elements\" rel=\"tc-fancybox-group475\" alt=\"Sensores Biometricos 3D\" width=\"300\" height=\"200\" class=\"size-medium wp-image-1006\" srcset=\"https:\/\/hibrida.eca.usp.br\/wp-content\/uploads\/2014\/02\/09-20-2012form-1-on-desk00-1348689824-300x200.jpeg 300w, https:\/\/hibrida.eca.usp.br\/wp-content\/uploads\/2014\/02\/09-20-2012form-1-on-desk00-1348689824.jpeg 600w\" sizes=\"(max-width: 300px) 100vw, 300px\" \/><\/a><p id=\"caption-attachment-1006\" class=\"wp-caption-text\">Sensores Biometricos 3D<\/p><\/div>\n<div id=\"attachment_970\" style=\"width: 310px\" class=\"wp-caption alignleft\"><a href=\"http:\/\/hibrida.eca.usp.br\/index.php\/projetos-selecionados\/tecnopasse-hackianista\/\"><img aria-describedby=\"caption-attachment-970\" decoding=\"async\" loading=\"lazy\" src=\"http:\/\/hibrida.eca.usp.br\/wp-content\/uploads\/2014\/06\/Screen-shot-2014-06-06-at-1.45.19-PM-300x145.png\" class=\"grouped_elements\" rel=\"tc-fancybox-group475\" alt=\"Tecnopasse Hackianista\" width=\"300\" height=\"145\" class=\"size-medium wp-image-970\" srcset=\"https:\/\/hibrida.eca.usp.br\/wp-content\/uploads\/2014\/06\/Screen-shot-2014-06-06-at-1.45.19-PM-300x145.png 300w, https:\/\/hibrida.eca.usp.br\/wp-content\/uploads\/2014\/06\/Screen-shot-2014-06-06-at-1.45.19-PM.png 1006w\" sizes=\"(max-width: 300px) 100vw, 300px\" \/><\/a><p id=\"caption-attachment-970\" class=\"wp-caption-text\">Tecnopasse Hackianista<\/p><\/div>\n<div id=\"attachment_516\" style=\"width: 310px\" class=\"wp-caption alignleft\"><a href=\"http:\/\/hibrida.eca.usp.br\/index.php\/projetos-selecionados\/utcat\/\"><img aria-describedby=\"caption-attachment-516\" decoding=\"async\" loading=\"lazy\" src=\"http:\/\/hibrida.eca.usp.br\/wp-content\/uploads\/2014\/02\/Screen-shot-2014-02-24-at-01.45.19-300x253.png\" class=\"grouped_elements\" rel=\"tc-fancybox-group475\" alt=\"UTCAt\" width=\"300\" height=\"253\" class=\"size-medium wp-image-516\" srcset=\"https:\/\/hibrida.eca.usp.br\/wp-content\/uploads\/2014\/02\/Screen-shot-2014-02-24-at-01.45.19-300x253.png 300w, https:\/\/hibrida.eca.usp.br\/wp-content\/uploads\/2014\/02\/Screen-shot-2014-02-24-at-01.45.19.png 432w\" sizes=\"(max-width: 300px) 100vw, 300px\" \/><\/a><p id=\"caption-attachment-516\" class=\"wp-caption-text\">UTCAt<\/p><\/div>\n<div id=\"attachment_980\" style=\"width: 310px\" class=\"wp-caption alignleft\"><a href=\"http:\/\/hibrida.eca.usp.br\/index.php\/projetos-selecionados\/desejo-ocular\/\"><img aria-describedby=\"caption-attachment-980\" decoding=\"async\" loading=\"lazy\" src=\"http:\/\/hibrida.eca.usp.br\/wp-content\/uploads\/2014\/06\/CAM00171-300x225.jpg\" class=\"grouped_elements\" rel=\"tc-fancybox-group475\" alt=\"Desejo Ocular\" width=\"300\" height=\"225\" class=\"size-medium wp-image-980\" \/><\/a><p id=\"caption-attachment-980\" class=\"wp-caption-text\">Desejo Ocular<\/p><\/div>\n","protected":false},"excerpt":{"rendered":"<p>Conhe\u00e7a um pouco mais sobre os projetos desenvolvidos no H\u00edbridaLab. A documenta\u00e7\u00e3o detalhada dos projetos est\u00e1 dispon\u00edvel nos blogs e nas Wikis<\/p>\n","protected":false},"author":1,"featured_media":0,"parent":0,"menu_order":0,"comment_status":"open","ping_status":"open","template":"","meta":[],"_links":{"self":[{"href":"https:\/\/hibrida.eca.usp.br\/index.php\/wp-json\/wp\/v2\/pages\/475"}],"collection":[{"href":"https:\/\/hibrida.eca.usp.br\/index.php\/wp-json\/wp\/v2\/pages"}],"about":[{"href":"https:\/\/hibrida.eca.usp.br\/index.php\/wp-json\/wp\/v2\/types\/page"}],"author":[{"embeddable":true,"href":"https:\/\/hibrida.eca.usp.br\/index.php\/wp-json\/wp\/v2\/users\/1"}],"replies":[{"embeddable":true,"href":"https:\/\/hibrida.eca.usp.br\/index.php\/wp-json\/wp\/v2\/comments?post=475"}],"version-history":[{"count":16,"href":"https:\/\/hibrida.eca.usp.br\/index.php\/wp-json\/wp\/v2\/pages\/475\/revisions"}],"predecessor-version":[{"id":1007,"href":"https:\/\/hibrida.eca.usp.br\/index.php\/wp-json\/wp\/v2\/pages\/475\/revisions\/1007"}],"wp:attachment":[{"href":"https:\/\/hibrida.eca.usp.br\/index.php\/wp-json\/wp\/v2\/media?parent=475"}],"curies":[{"name":"wp","href":"https:\/\/api.w.org\/{rel}","templated":true}]}}