{"id":359,"date":"2014-02-03T10:45:22","date_gmt":"2014-02-03T13:45:22","guid":{"rendered":"http:\/\/hibrida.eca.usp.br\/?page_id=359"},"modified":"2014-05-12T18:11:08","modified_gmt":"2014-05-12T21:11:08","slug":"palestras-e-oficina","status":"publish","type":"page","link":"https:\/\/hibrida.eca.usp.br\/index.php\/calendario-2\/calendario\/palestras-e-oficina\/","title":{"rendered":"Palestras e Oficina"},"content":{"rendered":"<p>As atividades te\u00f3ricas, palestras e oficina, s\u00e3o abertas e gratuitas. <\/p>\n<p>Pedimos que nos envie um e-mail <strong>projeto.hibrida@gmail.com<\/strong> com nome e contato para podermos nos organizar quanto ao numero de participantes. <\/p>\n<p>Segue calend\u00e1rio detalhado e abaixo mais informa\u00e7\u00f5es sobre o projeto. <\/p>\n<p>21 de mar\u00e7o a 20 de abril, Sextas-feiras das 9-13h<br \/>\nLocal: Pa\u00e7o das Artes \u2013 Cidade universit\u00e1ria<\/p>\n<p><iframe loading=\"lazy\" width=\"425\" height=\"350\" frameborder=\"0\" scrolling=\"no\" marginheight=\"0\" marginwidth=\"0\" src=\"https:\/\/maps.google.com\/maps?f=q&amp;source=s_q&amp;hl=en&amp;geocode=&amp;q=Pa%C3%A7o+das+Artes,+S%C3%A3o+Paulo,+Brazil&amp;aq=0&amp;oq=paco+das+artes&amp;sll=37.0625,-95.677068&amp;sspn=39.592876,56.425781&amp;t=h&amp;ie=UTF8&amp;hq=&amp;hnear=&amp;ll=-23.564518,-46.715358&amp;spn=0.006295,0.006295&amp;iwloc=A&amp;output=embed\"><\/iframe><br \/><small><a href=\"https:\/\/maps.google.com\/maps?f=q&amp;source=embed&amp;hl=en&amp;geocode=&amp;q=Pa%C3%A7o+das+Artes,+S%C3%A3o+Paulo,+Brazil&amp;aq=0&amp;oq=paco+das+artes&amp;sll=37.0625,-95.677068&amp;sspn=39.592876,56.425781&amp;t=h&amp;ie=UTF8&amp;hq=&amp;hnear=&amp;ll=-23.564518,-46.715358&amp;spn=0.006295,0.006295&amp;iwloc=A\" style=\"color:#0000FF;text-align:left\">View Larger Map<\/a><\/small><\/p>\n<p><strong>21 de mar\u00e7o<\/strong><br \/>\nSala Tri\u00e2ngulo<br \/>\n9-11h Como ouvimos? Um panorama fisiol\u00f3gico, com <a href=\"http:\/\/hibrida.eca.usp.br\/index.php\/equipe\/luiz-carlos-barboza-jr\/\" target=\"_blank\">Luiz Carlos Barboza Jr<\/a><br \/>\n11-13h Escuta cognitiva, com <a href=\"http:\/\/hibrida.eca.usp.br\/?page_id=237\" target=\"_blank\">S\u00e9rgio Basbaum<\/a><\/p>\n<p><strong>28 de mar\u00e7o<\/strong><br \/>\nSala Tri\u00e2ngulo<br \/>\n9-11h Como vemos? Um panorama fisiol\u00f3gico, com <a href=\"http:\/\/hibrida.eca.usp.br\/?page_id=272\" target=\"_blank\">Christina Joselevitch<\/a><br \/>\n11-13h Fotometria &#8211; a perspectiva de vis\u00e3o dos devices, com <a href=\"http:\/\/hibrida.eca.usp.br\/?page_id=274\" target=\"_blank\">Bal\u00e1zs Vince Nagy<\/a><\/p>\n<p><strong>04 de abril<\/strong><br \/>\nSala Tri\u00e2ngulo<br \/>\n9-11 Biomecatr\u00f4nica, estruturas para corpos, com <a href=\"http:\/\/hibrida.eca.usp.br\/index.php\/equipe\/arturo-forner-cordero\/\" target=\"_blank\">Arturo Forner-Cordero<\/a><br \/>\n11-13h Estruturas po\u00e9ticas, com <a href=\"http:\/\/hibrida.eca.usp.br\/?page_id=235\" target=\"_blank\">Guto N\u00f3brega<\/a><\/p>\n<p><strong>11 de abril<\/strong><br \/>\nSubsolo<br \/>\n9-11h Subers\u00e3o dos sistemas, com <a href=\"http:\/\/hibrida.eca.usp.br\/?page_id=150\" target=\"_blank\">Marcus Bastos<\/a><br \/>\n11-13h Biotecnologia, com <a href=\"http:\/\/hibrida.eca.usp.br\/?page_id=68\" target=\"_blank\">Andr\u00e9s Och\u00f4a<\/a><\/p>\n<p><a href=\"http:\/\/hibrida.eca.usp.br\/wp-content\/uploads\/2014\/02\/flyer_hibrida_palestras_pacodasartes.jpg\" class=\"grouped_elements\" rel=\"tc-fancybox-group359\"><img decoding=\"async\" loading=\"lazy\" src=\"http:\/\/hibrida.eca.usp.br\/wp-content\/uploads\/2014\/02\/flyer_hibrida_palestras_pacodasartes-243x300.jpg\" alt=\"flyer_hibrida_palestras_pacodasartes\" width=\"243\" height=\"300\" class=\"alignnone size-medium wp-image-636\" srcset=\"https:\/\/hibrida.eca.usp.br\/wp-content\/uploads\/2014\/02\/flyer_hibrida_palestras_pacodasartes-243x300.jpg 243w, https:\/\/hibrida.eca.usp.br\/wp-content\/uploads\/2014\/02\/flyer_hibrida_palestras_pacodasartes.jpg 650w\" sizes=\"(max-width: 243px) 100vw, 243px\" \/><\/a><\/p>\n<p><strong>18-20 de abril<\/strong><br \/>\nSubsolo<br \/>\n9-13h Oficina especial de pr\u00e1tica corporal com os acoplamentos desenvolvidos no lab, com <a href=\"http:\/\/hibrida.eca.usp.br\/index.php\/equipe\/alejandro-ahmed\/\">Alejandro Ahmed<\/a> &#038; <a href=\"http:\/\/hibrida.eca.usp.br\/index.php\/equipe\/mariana-romagnani\/\">Mariana Romagnani<\/a><\/p>\n<p><a href=\"http:\/\/hibrida.eca.usp.br\/wp-content\/uploads\/2014\/05\/alejandro.jpg\" class=\"grouped_elements\" rel=\"tc-fancybox-group359\"><img decoding=\"async\" loading=\"lazy\" src=\"http:\/\/hibrida.eca.usp.br\/wp-content\/uploads\/2014\/05\/alejandro-225x300.jpg\" alt=\"alejandro\" width=\"225\" height=\"300\" class=\"alignnone size-medium wp-image-871\" srcset=\"https:\/\/hibrida.eca.usp.br\/wp-content\/uploads\/2014\/05\/alejandro-225x300.jpg 225w, https:\/\/hibrida.eca.usp.br\/wp-content\/uploads\/2014\/05\/alejandro.jpg 600w\" sizes=\"(max-width: 225px) 100vw, 225px\" \/><\/a><\/p>\n<p><strong>Sobre o projeto<\/strong><\/p>\n<p>\u201cHibrida: prototipagem experimental de ampliadores de percep\u00e7\u00e3o\u201d \u00e9 um projeto de encontros, conex\u00f5es complexas entre: a\u00e7\u00f5es pr\u00e1ticas em laborat\u00f3rio de eletr\u00f4nica (lab); conversas sobre arte, ci\u00eancias e biotecnologia; e pr\u00e1tica de percep\u00e7\u00e3o corporal com os dispositivos ampliadores de percep\u00e7\u00e3o constru\u00eddos no lab.<\/p>\n<p>O projeto come\u00e7a no Brasil (na USP entre 17 de mar\u00e7o e 2 de maio de 2014) e encerra no M\u00e9xico (na UNAM entre 12 de maio e 28 de junho).<\/p>\n<p>Aqui no Brasil, os encontros te\u00f3ricos (eixo conceitual) acontecer\u00e1 no Pa\u00e7o das Artes as sextas feiras, entre 9-13h. O eixo pr\u00e1tico (laboratorial) acontecer\u00e1 durante a semana no InovaLab\/ Poli. <\/p>\n<p>Criar conex\u00f5es, aumentar a pot\u00eancia dessas id\u00e9ias, discutir o papel do corpo em meio \u00e0s inova\u00e7\u00f5es (bio)tecnol\u00f3gicas s\u00e3o pontos centrais deste projeto. O projeto oferece a estrutura para que essas propostas ganhem vida e sejam elevadas a pot\u00eancias inusitadas atrav\u00e9s deste di\u00e1logo com expertises distintas.<\/p>\n<p>As atividades te\u00f3ricas, palestras e oficina, s\u00e3o abertas e gratuitas. Ser\u00e3o 5 encontros no Pa\u00e7o das Artes, todas as sextas-feiras entre 21 de mar\u00e7o a 20 de abril. <\/p>\n<p>As atividades te\u00f3ricas ser\u00e3o o suporte para o laborat\u00f3rio e um lugar para que esses encontros possam ser aprofundados de forma t\u00e9cnica e po\u00e9tica. \u00c9 um desafio juntar profissionais t\u00e3o distintos em um mesmo projeto; \u00e9 ousado porque nos tira de nossas zonas de conforto, nos impulsionando para ir al\u00e9m de nossas expectativas.<\/p>\n<p>\u00c9 por isso tamb\u00e9m que esses encontros ser\u00e3o abertos ao p\u00fablico, aqueles que n\u00e3o puderam se comprometer com 7 semanas de trabalho, s\u00e3o de fora da cidade ou que tem interesse em algum t\u00f3pico espec\u00edfico. S\u00e3o todos bem vindos gratuitamente. <\/p>\n","protected":false},"excerpt":{"rendered":"<p>As atividades te\u00f3ricas, palestras e oficina, s\u00e3o abertas e gratuitas. Pedimos que nos envie um e-mail projeto.hibrida@gmail.com com nome e contato para podermos nos organizar quanto ao numero de participantes. Segue calend\u00e1rio detalhado e abaixo mais informa\u00e7\u00f5es sobre o projeto. 21 de mar\u00e7o a 20 de abril, Sextas-feiras das 9-13h Local: Pa\u00e7o das Artes \u2013 [&hellip;]<\/p>\n","protected":false},"author":1,"featured_media":0,"parent":278,"menu_order":0,"comment_status":"open","ping_status":"open","template":"","meta":[],"_links":{"self":[{"href":"https:\/\/hibrida.eca.usp.br\/index.php\/wp-json\/wp\/v2\/pages\/359"}],"collection":[{"href":"https:\/\/hibrida.eca.usp.br\/index.php\/wp-json\/wp\/v2\/pages"}],"about":[{"href":"https:\/\/hibrida.eca.usp.br\/index.php\/wp-json\/wp\/v2\/types\/page"}],"author":[{"embeddable":true,"href":"https:\/\/hibrida.eca.usp.br\/index.php\/wp-json\/wp\/v2\/users\/1"}],"replies":[{"embeddable":true,"href":"https:\/\/hibrida.eca.usp.br\/index.php\/wp-json\/wp\/v2\/comments?post=359"}],"version-history":[{"count":18,"href":"https:\/\/hibrida.eca.usp.br\/index.php\/wp-json\/wp\/v2\/pages\/359\/revisions"}],"predecessor-version":[{"id":884,"href":"https:\/\/hibrida.eca.usp.br\/index.php\/wp-json\/wp\/v2\/pages\/359\/revisions\/884"}],"up":[{"embeddable":true,"href":"https:\/\/hibrida.eca.usp.br\/index.php\/wp-json\/wp\/v2\/pages\/278"}],"wp:attachment":[{"href":"https:\/\/hibrida.eca.usp.br\/index.php\/wp-json\/wp\/v2\/media?parent=359"}],"curies":[{"name":"wp","href":"https:\/\/api.w.org\/{rel}","templated":true}]}}