{"id":150,"date":"2014-01-26T11:18:24","date_gmt":"2014-01-26T14:18:24","guid":{"rendered":"http:\/\/hibrida.eca.usp.br\/?page_id=150"},"modified":"2014-01-26T11:18:24","modified_gmt":"2014-01-26T14:18:24","slug":"marcus-bastos","status":"publish","type":"page","link":"https:\/\/hibrida.eca.usp.br\/index.php\/equipe\/marcus-bastos\/","title":{"rendered":"Marcus Bastos"},"content":{"rendered":"<p><a href=\"http:\/\/hibrida.eca.usp.br\/wp-content\/uploads\/2014\/01\/bastos.jpg\" class=\"grouped_elements\" rel=\"tc-fancybox-group150\"><img decoding=\"async\" loading=\"lazy\" src=\"http:\/\/hibrida.eca.usp.br\/wp-content\/uploads\/2014\/01\/bastos.jpg\" alt=\"bastos\" width=\"286\" height=\"200\" class=\"alignnone size-full wp-image-149\" \/><\/a><\/p>\n<p>Marcus Bastos \u00e9 artista, curador e pesquisador nas \u00e1reas de converg\u00eancia entre audiovisual, design e novas m\u00eddias. Doutor em Comunica\u00e7\u00e3o e Semi\u00f3tica pela PUC-SP, \u00e9 autor do e-book <strong>Cultura da Reciclagem<\/strong> (Galeria NOEMA, 2007) e um dos organizadores de Apropria\u00e7\u00f5es do (In)comum: espa\u00e7o p\u00fablico e privado em tempos de mobilidade (Instituto Sergio Motta, 2009). Editou, com Lucas Bambozzi e Rodrigo Minelli,  <strong>Media\u00e7\u00f5es, Tecnologia, Espa\u00e7o P\u00fablico \u2013 Um panorama cr\u00edtico da arte em m\u00eddias m\u00f3veis<\/strong> (Conrad, 2010). Foi <strong>curador de Ru\u00eddo<\/strong> (Mostra V\u00eddeo comemorativa de 10 anos \/ Instituto Ita\u00fa Cultural, Bel\u00e9m e Belo Horizonte, 2005), <strong>Geografias Celulares<\/strong> (Instituto Funda\u00e7\u00e3o Telef\u00f4nica, Buenos Aires e Lima, 2010), instala\u00e7\u00e3o \u2013> v\u00eddeo (na Mostra SESC de Artes, 2010) e VIVO arte.mov \u2013 Festival Internacional de Arte em M\u00eddias M\u00f3veis (entre 2007 e 2012). Entre seus projetos recentes est\u00e3o <strong>Cenas Paulistanas<\/strong> (composi\u00e7\u00e3o audiovisual criada com Nat\u00e1lia Aly e Rodrigo Gontijo, SESC-Ipiranga, 2013) e <strong>Canteiro de Opera\u00e7\u00f5es <\/strong>(videoensaio no DVD hom\u00f4nimo de Nelson Brissac, Jos\u00e9 Resende e Helo\u00edsa Maringoni, 2012). Dirigiu document\u00e1rios experimentais como <strong>Giuseppe, etc<\/strong> (2011), <strong>Radicais Livre\/os<\/strong> (2006) e <strong>Interface Disforme<\/strong> (2006).<\/p>\n<p><a href=\"http:\/\/contradiccoes.net\/\" target=\"_blank\">http:\/\/contradiccoes.net\/<\/a><\/p>\n","protected":false},"excerpt":{"rendered":"<p>Marcus Bastos \u00e9 artista, curador e pesquisador nas \u00e1reas de converg\u00eancia entre audiovisual, design e novas m\u00eddias. Doutor em Comunica\u00e7\u00e3o e Semi\u00f3tica pela PUC-SP, \u00e9 autor do e-book Cultura da Reciclagem (Galeria NOEMA, 2007) e um dos organizadores de Apropria\u00e7\u00f5es do (In)comum: espa\u00e7o p\u00fablico e privado em tempos de mobilidade (Instituto Sergio Motta, 2009). Editou, [&hellip;]<\/p>\n","protected":false},"author":1,"featured_media":0,"parent":60,"menu_order":0,"comment_status":"open","ping_status":"open","template":"","meta":[],"_links":{"self":[{"href":"https:\/\/hibrida.eca.usp.br\/index.php\/wp-json\/wp\/v2\/pages\/150"}],"collection":[{"href":"https:\/\/hibrida.eca.usp.br\/index.php\/wp-json\/wp\/v2\/pages"}],"about":[{"href":"https:\/\/hibrida.eca.usp.br\/index.php\/wp-json\/wp\/v2\/types\/page"}],"author":[{"embeddable":true,"href":"https:\/\/hibrida.eca.usp.br\/index.php\/wp-json\/wp\/v2\/users\/1"}],"replies":[{"embeddable":true,"href":"https:\/\/hibrida.eca.usp.br\/index.php\/wp-json\/wp\/v2\/comments?post=150"}],"version-history":[{"count":1,"href":"https:\/\/hibrida.eca.usp.br\/index.php\/wp-json\/wp\/v2\/pages\/150\/revisions"}],"predecessor-version":[{"id":151,"href":"https:\/\/hibrida.eca.usp.br\/index.php\/wp-json\/wp\/v2\/pages\/150\/revisions\/151"}],"up":[{"embeddable":true,"href":"https:\/\/hibrida.eca.usp.br\/index.php\/wp-json\/wp\/v2\/pages\/60"}],"wp:attachment":[{"href":"https:\/\/hibrida.eca.usp.br\/index.php\/wp-json\/wp\/v2\/media?parent=150"}],"curies":[{"name":"wp","href":"https:\/\/api.w.org\/{rel}","templated":true}]}}