{"id":103,"date":"2014-01-26T07:57:30","date_gmt":"2014-01-26T10:57:30","guid":{"rendered":"http:\/\/hibrida.eca.usp.br\/?page_id=103"},"modified":"2014-01-26T07:59:14","modified_gmt":"2014-01-26T10:59:14","slug":"luva-para-levitacao-magnetica","status":"publish","type":"page","link":"https:\/\/hibrida.eca.usp.br\/index.php\/referencias-conceituais\/banco-de-projetos-2\/luva-para-levitacao-magnetica\/","title":{"rendered":"Luva para levita\u00e7\u00e3o magn\u00e9tica"},"content":{"rendered":"<p>Id\u00e9ias para o projeto<\/p>\n<p><iframe loading=\"lazy\" width=\"1170\" height=\"658\" src=\"http:\/\/www.youtube.com\/embed\/Ps1tZu_OlzU?feature=oembed\" frameborder=\"0\" allowfullscreen><\/iframe><\/p>\n<p>Outros projetos com a mesma id\u00e9ia ou similar<\/p>\n<p><strong>Bra\u00e7o com dispositivo emissor de infravermelho para ligar aparelhos. Quase um \u201cpoder psiquico para ligar aparelhos eletr\u00f4nicos.<\/strong><\/p>\n<p>Tutoriais para compreens\u00e3o do sistema IR<\/p>\n<p><<a href=\"http:\/\/blog.arduino.cc\/2010\/02\/11\/arduino-all-stars-the-coplete-ir-library-for-arduino\/><http:\/\/www.sbprojects.com\/knowledge\/ir\/index.php\" target=\"_blank\">http:\/\/blog.arduino.cc\/2010\/02\/11\/arduino-all-stars-the-coplete-ir-library-for-arduino\/><http:\/\/www.sbprojects.com\/knowledge\/ir\/index.php<\/a>><\/p>\n<p><<a href=\"http:\/\/www.instructables.com\/id\/Controlling-an-Arduino-Board-Using-an-Infrared-Rem\/> <http:\/\/tronixstuff.com\/2011\/03\/30\/tutorial-arduino-and-infra-red-control\/\" target=\"_blank\">http:\/\/www.instructables.com\/id\/Controlling-an-Arduino-Board-Using-an-Infrared-Rem\/> <http:\/\/tronixstuff.com\/2011\/03\/30\/tutorial-arduino-and-infra-red-control\/<\/a>><\/p>\n","protected":false},"excerpt":{"rendered":"<p>Id\u00e9ias para o projeto Outros projetos com a mesma id\u00e9ia ou similar Bra\u00e7o com dispositivo emissor de infravermelho para ligar aparelhos. Quase um \u201cpoder psiquico para ligar aparelhos eletr\u00f4nicos. Tutoriais para compreens\u00e3o do sistema IR http:\/\/blog.arduino.cc\/2010\/02\/11\/arduino-all-stars-the-coplete-ir-library-for-arduino\/> http:\/\/www.instructables.com\/id\/Controlling-an-Arduino-Board-Using-an-Infrared-Rem\/><\/p>\n","protected":false},"author":1,"featured_media":0,"parent":54,"menu_order":0,"comment_status":"open","ping_status":"open","template":"","meta":[],"_links":{"self":[{"href":"https:\/\/hibrida.eca.usp.br\/index.php\/wp-json\/wp\/v2\/pages\/103"}],"collection":[{"href":"https:\/\/hibrida.eca.usp.br\/index.php\/wp-json\/wp\/v2\/pages"}],"about":[{"href":"https:\/\/hibrida.eca.usp.br\/index.php\/wp-json\/wp\/v2\/types\/page"}],"author":[{"embeddable":true,"href":"https:\/\/hibrida.eca.usp.br\/index.php\/wp-json\/wp\/v2\/users\/1"}],"replies":[{"embeddable":true,"href":"https:\/\/hibrida.eca.usp.br\/index.php\/wp-json\/wp\/v2\/comments?post=103"}],"version-history":[{"count":2,"href":"https:\/\/hibrida.eca.usp.br\/index.php\/wp-json\/wp\/v2\/pages\/103\/revisions"}],"predecessor-version":[{"id":105,"href":"https:\/\/hibrida.eca.usp.br\/index.php\/wp-json\/wp\/v2\/pages\/103\/revisions\/105"}],"up":[{"embeddable":true,"href":"https:\/\/hibrida.eca.usp.br\/index.php\/wp-json\/wp\/v2\/pages\/54"}],"wp:attachment":[{"href":"https:\/\/hibrida.eca.usp.br\/index.php\/wp-json\/wp\/v2\/media?parent=103"}],"curies":[{"name":"wp","href":"https:\/\/api.w.org\/{rel}","templated":true}]}}